 4?
-9a178
In base 2, what is 0 - -1000001110101110?
1000001110101110
In base 2, what is -101111010110 - -110010?
-101110100100
In base 7, what is 462 + -4?
455
In base 15, what is -96 - 13ce0?
-13d86
In base 14, what is 7932 + -1c?
7914
In base 4, what is -103311 - -10320?
-32331
In base 9, what is -167580 + 7?
-167572
In base 15, what is 593 - -31?
5c4
In base 9, what is 3 - -5668?
5672
In base 2, what is -1010010 - 101101001?
-110111011
In base 7, what is 6 - -536353?
536362
In base 5, what is 10 - -1230032?
1230042
In base 3, what is -20011 - -12202?
-102
In base 5, what is -4313 - 1402?
-11220
In base 5, what is 14 + -431332?
-431313
In base 16, what is cc + -155?
-89
In base 13, what is 60 + 464?
4c4
In base 10, what is -2 + 19844?
19842
In base 7, what is 2241 - -540?
3111
In base 7, what is -566555 + -25?
-566613
In base 3, what is 10 - -2122102211?
2122102221
In base 6, what is 23312 + 245?
24001
In base 12, what is 7 + -206644?
-206639
In base 8, what is -635112 - 11?
-635123
In base 16, what is -20 - b6c6?
-b6e6
In base 6, what is -5 - -41313?
41304
In base 10, what is -410 - 39?
-449
In base 16, what is e - 1c7e1?
-1c7d3
In base 14, what is -d594 - 8?
-d59c
In base 15, what is 3a69 + 5?
3a6e
In base 13, what is -1a2 + -17b?
-350
In base 8, what is -11061 + 50?
-11011
In base 7, what is -34236 - -223?
-34013
In base 10, what is 1020 - -179?
1199
In base 10, what is -21 - 855?
-876
In base 9, what is -485 - -314?
-171
In base 11, what is -1 - 287227?
-287228
In base 15, what is -e + -5bac?
-5bbb
In base 16, what is 2 + -186e?
-186c
In base 5, what is 1344014 + -10?
1344004
In base 8, what is 45 - 1072?
-1025
In base 12, what is -4 - -15a57?
15a53
In base 13, what is 5064 - -26?
508a
In base 5, what is -204 - 101330?
-102034
In base 13, what is 10402 + -5?
103ca
In base 4, what is 2 + -3301211?
-3301203
In base 5, what is -22330 - 22?
-22402
In base 4, what is 213101201 + 0?
213101201
In base 12, what is 3a9 - 4b8?
-10b
In base 15, what is ee6e - -2b?
ee9a
In base 13, what is -21a92 - 1?
-21a93
In base 10, what is 185999 + -1?
185998
In base 15, what is 2 + c835?
c837
In base 10, what is 139754 - -5?
139759
In base 16, what is 1 - -57b4d?
57b4e
In base 8, what is -13276 + -7?
-13305
In base 16, what is -6826 - 1?
-6827
In base 4, what is 21022 - -302?
21330
In base 3, what is 0 - 1210121001?
-1210121001
In base 12, what is -1b4 - a?
-202
In base 9, what is 17738 + -32?
17706
In base 15, what is -36c - -33?
-339
In base 3, what is 1010000 + 21111?
1101111
In base 2, what is 111001000111 + 101001?
111001110000
In base 9, what is 30515 + 7?
30523
In base 2, what is 101 + 10000100111110100?
10000100111111001
In base 2, what is -101 - -100000010101101111?
100000010101101010
In base 2, what is 1110101001101010110 + -101?
1110101001101010001
In base 14, what is -17 - 398?
-3b1
In base 10, what is -9 - -377?
368
In base 8, what is -3 - 1710267?
-1710272
In base 15, what is -26ab31 - 4?
-26ab35
In base 7, what is 12546232 - 0?
12546232
In base 3, what is -1102121 - -122?
-1101222
In base 14, what is -133b6 + -4?
-133ba
In base 10, what is 3561 + -399?
3162
In base 3, what is 0 - -22012120011?
22012120011
In base 8, what is 22 + 13174?
13216
In base 9, what is -4 - 103713?
-103717
In base 13, what is -36b - -a6?
-295
In base 15, what is c0 - 12?
ad
In base 15, what is -4e - -16296?
16247
In base 3, what is 10220200 - -11011?
11001211
In base 9, what is -27436 + -1?
-27437
In base 2, what is 1001000000 - 10000001?
110111111
In base 8, what is 3 + 3106266?
3106271
In base 7, what is -4265 - 104?
-4402
In base 6, what is -111040 + -51?
-111131
In base 4, what is 0 - -30321131?
30321131
In base 3, what is -102022022102 - 2?
-102022022111
In base 12, what is -39 - -1504?
1487
In base 16, what is 23d3 + 1?
23d4
In base 8, what is 4 - 52342?
-52336
In base 6, what is -1 + 14153100?
14153055
In base 15, what is -1569 + 20e?
-135a
In base 16, what is 1c5b + -2e?
1c2d
In base 10, what is -87 - -3?
-84
In base 4, what is 10 + -232020002?
-232013332
In base 9, what is -3 + -18402?
-18405
In base 9, what is -113044 - -4?
-113040
In base 9, what is -34855 + 2?
-34853
In base 12, what is 3008 + 9?
3015
In base 9, what is -354 + 811?
446
In base 14, what is 65 - -9c4?
a49
In base 13, what is -58 - 776?
-801
In base 8, what is 76161 + 103?
76264
In base 5, what is 4224114 + -404?
4223210
In base 6, what is 220 + 13225?
13445
In base 9, what is -6 + 44?
37
In base 15, what is -7d2d6 - 5?
-7d2db
In base 9, what is 4 + -1016603?
-1016588
In base 10, what is -3418370 + 4?
-3418366
In base 8, what is 132 - -67?
221
In base 7, what is -3 - -3200002?
3166666
In base 16, what is -a + e525?
e51b
In base 6, what is -1 + -144103?
-144104
In base 13, what is 5 + -19689?
-19684
In base 12, what is -7a7 - 10a0?
-1887
In base 13, what is 49 + -2457?
-240b
In base 5, what is 22412 + -20?
22342
In base 3, what is -12 - 111021001111?
-111021001200
In base 10, what is -313629 - 4?
-313633
In base 8, what is -21060 + 4?
-21054
In base 7, what is 14335235 + -5?
14335230
In base 2, what is -10101001010111001 - 100?
-10101001010111101
In base 6, what is 11554 + -11?
11543
In base 14, what is 172 + c9?
25b
In base 11, what is -12497 - 11?
-124a8
In base 11, what is -117509 + 3?
-117506
In base 13, what is -a64055 - 4?
-a64059
In base 10, what is 133 - -1199?
1332
In base 16, what is -15 + 37c4?
37af
In base 7, what is -34530 - -101?
-34426
In base 7, what is -1555202 - 5?
-1555210
In base 13, what is -1b95 - -147?
-1a4b
In base 10, what is 29 + -1035?
-1006
In base 13, what is c + 121?
130
In base 16, what is f748 - -4?
f74c
In base 5, what is 240442 - 3?
240434
In base 3, what is -22020212 + 220?
-22012222
In base 4, what is -11300020221 - -11?
-11300020210
In base 2, what is 10 - 10001110110010110111?
-10001110110010110101
In base 14, what is 23 + 2259?
227c
In base 14, what is -105b + -56?
-10b3
In base 4, what is -110000 - 311?
-110311
In base 10, what is 0 + 54520?
54520
In base 2, what is -10 - 1101011101100001?
-1101011101100011
In base 2, what is -100110101 + 1010001001?
101010100
In base 9, what is 155 + -10145?
-8880
In base 12, what is 4 - -130b0?
130b4
In base 13, what is 3119a38 + -2?
3119a36
In base 12, what is -2 + 76551?
7654b
In base 16, what is -d31d + -1a?
-d337
In base 3, what is 102110112211 - 102?
102110112102
In base 3, what is 101011 + 112?
101200
In base 7, what is 3 - 14520036?
-14520033
In base 7, what is 0 - 121606?
-121606
In base 15, what is -1b4c - 16?
-1b63
In base 9, what is -216024 - -4?
-216020
In base 8, what is -64 - 12133?
-12217
In base 9, what is 1 - -6300?
6301
In base 10, what is -594 - -28?
-566
In base 4, what is -22113322122 - -11?
-22113322111
In base 13, what is -a4b - 115?
-b63
In base 10, what is -6103 + 0?
-6103
In base 7, what is 32 + -56312?
-56250
In base 14, what is -119a9 - 4?
-119ad
In base 13, what is 22 + 22567?
22589
In base 2, what is -100111000100101 - -110101?
-100110111110000
In base 13, what is -a31782 - 5?
-a31787
In base 6, what is 0 - 3402425?
-3402425
In base 7, what is 51 + -132546?
-132465
In base 6, what is 5 - 1134?
-1125
In base 8, what is -604 + -10165?
-10771
In base 5, what is 3 + -122133343?
-122133340
In base 10, what is -21 - -2059?
2038
In base 4, what is 13 + 3030203?
3030222
In base 6, what is 10002245 + -10?
10002235
In base 10, what is -381 + 74?
-307
In base 3, what is -2111121110210 - 11?
-2111121110221
In base 4, what is 1100323 + 2?
1100331
In base 4, what is -1 + 11230311?
11230310
In base 2, what is 11 + -100001111000010?
-100001110111111
In base 2, what is -1110010101001100 - -1?
-1110010101001011
In base 12, what is 10 + 14535?
14545
In base 2, what is 0 + -10100111011010100111?
-10100111011010100111
In base 2, what is -10 - 10110001000111?
-10110001001001
In base 3, what is 111 + -10121121000?
-10121120112
In base 10, what is 0 - 3035?
-3035
In base 5, what is 440 + 1331222?
1332212
In base 10, what is -9 + 29128?
29119
In base 11, what is -3a + -50?
-8a
In base 9, what is 25 + 4245?
4271
In base 8, what is -4 - 23?
-27
In base 10, what is -1901 - 9?
-1910
In base 13, what is 4 + -693b?
-6937
In base 3, what is -101211 - -101122?
-12
In base 14, what is -2 + -d071?
-d073
In base 15, what 